 Is n prime?
False
Let k(l) = 74*l - 46*l + 2 + 1. Is k(7) a composite number?
False
Suppose 1464863 = 23*o + 471792. Is o a composite number?
False
Let w(t) = -129*t + 47. Let n be w(-8). Let l(s) = s + 5. Let r be l(-3). Suppose 4*q - 8*q + 1064 = r*k, 2*k = q + n. Is k a composite number?
True
Let x(m) = 9634*m + 1403. Is x(5) prime?
False
Let h(y) be the third derivative of 47*y**5/30 + y**4/12 - y**3/6 - 193*y**2. Suppose -2 + 5 = 3*v. Is h(v) a prime number?
False
Let d = 5402 + 9357. Is d prime?
True
Let o = -8212 + 69843. Is o a composite number?
False
Let s = 253 - 251. Let f(j) = 44*j + 9. Is f(s) composite?
False
Let p(q) be the first derivative of 661*q**2 - 7*q - 80. Is p(3) a composite number?
True
Let q = 2549 - 1596. Suppose -4*o - 7*x = -3*x - 1252, 4*x + q = 3*o. Is 6/(-3) + 4 + o a prime number?
True
Let d be (-51)/(-34)*((-331796)/(-12) + 1). Suppose -6*l = -37934 - d. Is l a prime number?
False
Let h(r) = 219*r + 22. Let s(z) = 110*z + 11. Let c(j) = 2*h(j) - 5*s(j). Is c(-4) a composite number?
True
Suppose -54*j - 15 = -59*j. Let b be ((-16)/(-4) - j - -3)/1. Suppose 0 = b*y - y, -3*y = -r + 307. Is r prime?
True
Let v be 2/((-12)/(-9)) + 145654/4. Is (4 - (-105)/(-25))/((-1)/v) a composite number?
False
Let s(x) be the second derivative of x**5/10 - 7*x**4/3 + 7*x**3/2 + 20*x**2 - 87*x. Is s(31) prime?
False
Let p(l) = 75*l**3 - 2*l**2 + 72*l**3 - 150*l**3 + 42. Is p(-11) composite?
False
Let c(p) = -3*p**2 + 11*p + 38. Let l be c(11). Let j = -77 - l. Is j composite?
False
Suppose -37791117 - 31222226 = -329*f. Is f a composite number?
False
Let q(z) = 5*z**2 + 12*z + 27 - 2*z - 5*z. Is q(-8) a prime number?
True
Let z(h) = h**3 + 8*h**2 - 21*h - 7. Let d be z(-10). Suppose -7*x + 34564 = -d*x. Is x a prime number?
True
Let o be (-15)/(-6)*(0 + 2). Suppose o*x - 1074 = 3031. Is x a prime number?
True
Let u = 449910 - 298999. Is u a prime number?
False
Suppose -a - a = 2*c - 10234, 0 = 2*c + 6. Suppose -66096 = -16*n - a. Is n composite?
True
Let f(s) = s**3 + 15*s**2 + 12*s - 24. Let v be f(-14). Suppose -23115 = -v*g - i, -28896 = -5*g - 3*i + 4*i. Is g prime?
True
Let o(b) = b**3 + 3*b + 2. Let t be o(3). Suppose 30*x - t*x = -99496. Is x a prime number?
True
Let d = -35359 - -59352. Suppose 0 = 22*c - 20997 - d. Is c composite?
True
Let w(z) = 11*z**2 - 3*z - 2. Let v be w(-1). Let s be v/(9/3) - -2297. Is (-2)/(1 + (-2307)/s) prime?
False
Let u(z) = z**2 - z + 5. Let i be u(2). Suppose 0 = 8*t + i - 7. Suppose 4*g - 211 - 2305 = t. Is g prime?
False
Suppose 3*a + 2187 = 366. Let j = 882 + a. Suppose h - 210 = j. Is h a composite number?
True
Let p(o) = -o**2 - 10*o + 2. Let y(c) = -c. Let m(j) = p(j) - 6*y(j). Let w be m(-4). Is 152/2 + w + -4 a prime number?
False
Let v = 294 + -290. Suppose a + 16807 = v*p, 2*p - 3*a = 5781 + 2630. Is p prime?
True
Let c(g) = -g**2 + 13*g - 45. Let p be c(9). Let x(h) = 5*h**2 - 3*h + 55. Is x(p) prime?
True
Suppose 0 = -3*w - 2*n + 15, 0 = -w - 4*n + 5. Suppose -3*q + 31 - 11 = m, w*m - 133 = -4*q. Let g(v) = -v**2 + 39*v + 13. Is g(m) a composite number?
True
Suppose -3*j + 259 + 473429 = -5*d, 0 = -3*j - 3*d + 473712. Is j prime?
True
Let i = 173 - 165. Suppose k - 10 = -i, 0 = 4*a - k - 7610. Is a a composite number?
True
Suppose 795428 = -94*w + 10301554. Is w prime?
False
Suppose w + x = 6, w - 4*w + 25 = -4*x. Suppose -y + 9 = 5*s + 1, y - w = -4*s. Suppose 21950 = 5*o + j, 5*o = 2*o + y*j + 13188. Is o a prime number?
True
Let t = 64974 + 14515. Is t composite?
True
Let f = 339694 + -94815. Is f composite?
True
Suppose 6*x = -1278 + 4728. Let r = x - 52. Suppose 5*t - r - 1779 = -4*w, 0 = -2*w - 2*t + 1150. Is w composite?
True
Suppose -4*w + 3*g = -136495, -5*g = -2*w + 6*w - 136487. Is w a prime number?
True
Let w = 23915 - 1731. Suppose 6*u = -2*u + w. Is u prime?
False
Let n be (-60)/45 - -4*10/12. Is 14334/18 + n + 4/6 a composite number?
True
Let i(p) = -2*p - 11 + 143*p**2 + 6 + p**3 - 136*p**2 - 7. Let n be i(-7). Is (1*n/(-6))/((-4)/468) a composite number?
True
Let u be 2341/(-1) + 30/(-30). Is (63/7 + -10)/(2/u) a prime number?
True
Let q be -4 - ((-14)/1 - (-84)/21). Suppose 0 = -q*g + 5*g + 7669. Is g a prime number?
True
Suppose 5*p + q + 181 + 108 = 0, -p = -2*q + 49. Let s = p - -80. Suppose -t = -f + 15, f + 0*f + t - s = 0. Is f a composite number?
False
Let c be ((-2)/8)/((-11)/484). Suppose 0 = -c*n + 10*n + 2. Let o(g) = 123*g + 5. Is o(n) prime?
True
Let u(f) = f**3 + f**2 + 3*f - 20. Let b be u(0). Let y = -17 - b. Suppose 5*v = -y*v + 3160. Is v a composite number?
True
Suppose 2*i - 278 = -1958. Let a = i + 1709. Is a a composite number?
True
Let l = -8711 - -15994. Is l prime?
True
Suppose 5*v - 15536 = -2*c, 6*v - v = 4*c - 31042. Suppose 2*g = 1305 + c. Is g a composite number?
True
Let m = 27 + -28. Let k(w) = -w**2 - w + 1. Let v(z) = -7*z**2 + 7*z. Let f(s) = m*v(s) + 5*k(s). Is f(12) composite?
False
Let a be (-2 + 3/(-6))/(1/(-2)). Suppose 0 = -2*x + z + 5, 0*z + a = -3*x + 4*z. Suppose -p - x*v = -4*p + 931, -v - 309 = -p. Is p composite?
False
Let w be ((-1050)/(-450))/((-2)/(-6) + 0). Let h = 8514 - 5054. Suppose -1367 = w*n - h. Is n composite?
True
Suppose -535*d = -259*d - 252*d - 1103736. Is d a prime number?
True
Is (-17304770)/(-126) - (-4)/(-9) a prime number?
True
Let k(y) = 254*y**3 - 10*y**2 + 9*y + 53. Is k(6) a composite number?
True
Let b be (-62)/(-465) - (-1766)/30. Suppose 2*s - 295 = b. Is s a prime number?
False
Let f = -875992 - -2068541. Is f composite?
False
Let x(c) be the first derivative of 147*c**2/2 - 379*c + 270. Is x(8) composite?
False
Let n be 2/(((-5)/(-45))/(4/24)). Suppose 0 = -n*g + 2*d + 17373, 16037 = 5*g - 3*d - 12918. Is g a prime number?
True
Let b = -59 + 59. Let h be ((-435)/(-9))/((2 - 1)/9). Suppose -2*i - i + h = b. Is i prime?
False
Suppose 2716*k - 2710*k - 1096998 = 0. Is k a composite number?
True
Let c(n) = n + 17. Let l be c(-15). Suppose 3816 = l*u - 17182. Is u prime?
True
Suppose 14*t - 114 = 12. Suppose -x + 21611 = 4*z, 2*z - t*x = -5*x + 10810. Is z composite?
True
Let b be 29803 - (1 - (5 + 3)). Is (-10)/4*b/(-25) composite?
True
Let q(d) = 2*d**2 - 6*d - 24. Let g be q(-3). Suppose 12077 = g*w - 15919. Is w a prime number?
True
Suppose 0 = -4*h - 37904 - 26352. Let k = 30187 + h. Is k prime?
False
Let z = -134 + 2103. Suppose -3*d - 8531 = z. Let l = d + 5397. Is l a prime number?
False
Suppose 9115 = 6*z - 60359. Suppose 3*i + 1913 = 2*u - 2730, 5*u + 2*i - z = 0. Is u composite?
True
Let o(i) = -10*i**3 - 2*i + 1. Let w be 0/(-2 + 3) - -14. Let v be (-20)/w + 44/(-77). Is o(v) prime?
False
Is (-1068)/178 - -2*394850/4 a composite number?
False
Let l = 229192 + -91421. Is l a prime number?
True
Suppose -5*s = -6*y + 3190, y + s - 95 = 433. Let i = y + 111. Is i a prime number?
True
Suppose -4*r + 11390 = 6*o - 25410, -5*r = -2*o - 46019. Is r a prime number?
True
Let k = -197443 + 504621. Is k prime?
False
Is 31911000/770 - 2/(-14) composite?
False
Is 2505415/825 - (-4)/30 a prime number?
True
Let h(d) be the first derivative of 21*d**2/2 + 13*d + 8. Let q be h(6). Is q*4 + -3*(-3)/9 a composite number?
False
Suppose -5*m = -2*m - 12. Let b(z) = -51 + 107 - 30 - 19 + 118*z. Is b(m) a prime number?
True
Let z(i) = 125*i - 33. Let n(p) = p**2 - 11*p - 20. Let x be n(13). Is z(x) prime?
False
Suppose -3*c = -7*c + 20. Suppose x - 24 = 5*q, 0 = -4*x - q + 4*q + 28. Suppose -c*b + 609 = 3*s - 3*b, 0 = x*s + 3*b - 812. Is s a composite number?
True
Let b be (33 - 36)*(1 - 69/9). Suppose -17458 - 360 = -2*i - 3*h, -5*h = -b. Is i a composite number?
True
Let m(y) = 141*y**3 - 13*y**2 + 27*y - 23. Let v be m(9). Suppose 33*u = -28135 + v. Is u a composite number?
False
Suppose -2*f - 50*q + 1138521 = -53*q, -4*f + q + 2277077 = 0. Is f composite?
True
Let d = 36155 + -6070. Suppose 0 = -10*m + 91675 - d. Is m a prime number?
False
Suppose -3*p = -3*b - 3, 0 = 5*p + 2*b - 5 - 7. Suppose p*o - 144 = 6*o. Is (2 + -2 - o) + 1 a composite number?
False
Let v = 15 - 12. Suppose 2295 = g + 5*c - 5335, 0 = v*g + c - 22960. Is g composite?
True
Suppose 77*r - 114875 = -13*r + 478945. Is r composite?
True
Suppose -2*q = -4, -4130 + 1134 = -5*c + 2*q. Let v = 1259 - c. Let s = v - 168. Is s p